 the remainder when 12141929 is divided by 4849.
33
What is the remainder when 2001269 is divided by 829?
63
What is the remainder when 540478 is divided by 26978?
918
Calculate the remainder when 8891 is divided by 4131.
629
Calculate the remainder when 1116401 is divided by 354.
239
Calculate the remainder when 16443829 is divided by 4835.
4829
What is the remainder when 6301 is divided by 6129?
172
What is the remainder when 1792473 is divided by 591?
561
Calculate the remainder when 242878 is divided by 833.
475
Calculate the remainder when 12293118 is divided by 1756158.
12
What is the remainder when 1723367 is divided by 574453?
8
What is the remainder when 125367535 is divided by 2492?
2491
Calculate the remainder when 13611 is divided by 12403.
1208
What is the remainder when 808707 is divided by 101088?
3
Calculate the remainder when 10941085 is divided by 32370.
25
Calculate the remainder when 18772442 is divided by 27405.
17
Calculate the remainder when 1776193 is divided by 444048.
1
What is the remainder when 8365493 is divided by 522843?
5
What is the remainder when 130619614 is divided by 43539866?
16
Calculate the remainder when 193489 is divided by 179.
169
What is the remainder when 94968 is divided by 7900?
168
What is the remainder when 526754 is divided by 150?
104
Calculate the remainder when 1128543 is divided by 94033.
147
Calculate the remainder when 460373 is divided by 420.
53
Calculate the remainder when 71142 is divided by 10136.
190
Calculate the remainder when 107482 is divided by 11909.
301
What is the remainder when 4189748 is divided by 10?
8
Calculate the remainder when 574035 is divided by 95445.
1365
What is the remainder when 257227858 is divided by 1607674?
18
Calculate the remainder when 3866562 is divided by 795.
477
What is the remainder when 333352784 is divided by 3795?
3779
Calculate the remainder when 8392278 is divided by 174839.
6
Calculate the remainder when 2476451 is divided by 50.
1
Calculate the remainder when 57050385 is divided by 78.
15
What is the remainder when 62664669 is divided by 753?
9
Calculate the remainder when 396204 is divided by 41.
21
Calculate the remainder when 145192 is divided by 693.
355
What is the remainder when 204713959 is divided by 1469?
1464
What is the remainder when 86825728 is divided by 28?
24
Calculate the remainder when 7908440 is divided by 564888.
8
Calculate the remainder when 688371 is divided by 12988.
7
What is the remainder when 456115989 is divided by 1529?
1528
Calculate the remainder when 484575 is divided by 1230.
1185
What is the remainder when 1986275 is divided by 3300?
2975
Calculate the remainder when 1048531 is divided by 224.
211
Calculate the remainder when 2252813 is divided by 186.
167
What is the remainder when 118976 is divided by 118950?
26
What is the remainder when 656540 is divided by 4519?
1285
Calculate the remainder when 327317 is divided by 11861.
7070
Calculate the remainder when 71203 is divided by 407.
385
Calculate the remainder when 328392 is divided by 38.
34
What is the remainder when 911095813 is divided by 8?
5
What is the remainder when 385027 is divided by 525?
202
Calculate the remainder when 2355951 is divided by 582.
15
Calculate the remainder when 4735482 is divided by 77.
59
Calculate the remainder when 124181 is divided by 10336.
149
What is the remainder when 139689 is divided by 8212?
85
Calculate the remainder when 430657 is divided by 1018.
43
Calculate the remainder when 299011 is divided by 2333.
387
What is the remainder when 20582063 is divided by 16747?
0
Calculate the remainder when 660332 is divided by 5.
2
Calculate the remainder when 54193394 is divided by 58.
50
Calculate the remainder when 139867 is divided by 1706.
1681
What is the remainder when 170373 is divided by 61?
0
Calculate the remainder when 140732936 is divided by 5863872.
8
Calculate the remainder when 32773 is divided by 16242.
289
What is the remainder when 212291 is divided by 106122?
47
Calculate the remainder when 3352550 is divided by 50038.
4
Calculate the remainder when 129029 is divided by 1556.
1437
What is the remainder when 369842 is divided by 1666?
1656
What is the remainder when 2159579 is divided by 101?
98
What is the remainder when 776376 is divided by 77607?
306
Calculate the remainder when 249715 is divided by 1158.
745
What is the remainder when 1289827 is divided by 41?
8
What is the remainder when 6340857 is divided by 7?
5
What is the remainder when 5525 is divided by 2234?
1057
Calculate the remainder when 15680 is divided by 6438.
2804
What is the remainder when 5469722 is divided by 830?
22
What is the remainder when 44855745 is divided by 2056?
2049
Calculate the remainder when 74377851 is divided by 582.
579
What is the remainder when 24565331 is divided by 30668?
263
Calculate the remainder when 32018415 is divided by 213.
42
What is the remainder when 1819472 is divided by 606485?
17
Calculate the remainder when 19888 is divided by 9813.
262
What is the remainder when 29302159 is divided by 9767386?
1
Calculate the remainder when 6912406 is divided by 69124.
6
Calculate the remainder when 466270 is divided by 459716.
6554
Calculate the remainder when 49144712 is divided by 22.
12
What is the remainder when 69089 is divided by 3835?
59
What is the remainder when 629060 is divided by 157218?
188
What is the remainder when 405143 is divided by 202514?
115
What is the remainder when 1168866 is divided by 292130?
346
What is the remainder when 18898039 is divided by 38?
31
What is the remainder when 53415 is divided by 207?
9
What is the remainder when 83366 is divided by 83332?
34
What is the remainder when 9932957 is divided by 9932870?
87
Calculate the remainder when 1610984 is divided by 41307.
11
What is the remainder when 12998028 is divided by 28?
8
What is the remainder when 289188 is divided by 831?
0
Calculate the remainder when 3219347 is divided by 1824.
1811
What is the remainder when 20876854 is divided by 489?
466
What is the remainder when 97473020 is divided by 4752?
4748
Calculate the remainder when 10218031 is divided by 537.
532
What is the remainder when 321935 is divided by 160909?
117
What is the remainder when 36041 is divided by 8763?
989
Calculate the remainder when 1115262 is divided by 2095.
722
What is the remainder when 5033018 is divided by 572?
562
What is the remainder when 405241939 is divided by 1964?
1963
What is the remainder when 5008172 is divided by 6005?
2
Calculate the remainder when 38122 is divided by 12256.
1354
What is the remainder when 51396 is divided by 25437?
522
What is the remainder when 2142814 is divided by 232?
62
Calculate the remainder when 13875825 is divided by 28788.
9
Calculate the remainder when 76763 is divided by 17.
8
What is the remainder when 43686 is divided by 14409?
459
What is the remainder when 2290445 is divided by 64?
13
Calculate the remainder when 92289 is divided by 1357.
13
Calculate the remainder when 41895319 is divided by 1444666.
5
What is the remainder when 2146074 is divided by 715358?
0
Calculate the remainder when 10707559 is divided by 972.
7
What is the remainder when 227733 is divided by 16249?
247
What is the remainder when 36614905 is divided by 8747?
8710
Calculate the remainder when 16176941 is divided by 4044233.
9
Calculate the remainder when 379657461 is divided by 436.
433
Calculate the remainder when 399965 is divided by 561.
533
What is the remainder when 5091350 is divided by 4620?
110
Calculate the remainder when 887146 is divided by 478.
456
What is the remainder when 29043 is divided by 2158?
989
What is the remainder when 2864973 is divided by 63664?
93
Calculate the remainder when 9761 is divided by 1280.
801
Calculate the remainder when 11283294 is divided by 221241.
3
What is the remainder when 743768549 is divided by 4450?
4449
What is the remainder when 12308216 is divided by 411?
410
What is the remainder when 391908 is divided by 3752?
1700
What is the remainder when 154094 is divided by 236?
222
Calculate the remainder when 130506145 is divided by 305635.
0
What is the remainder when 1896728 is divided by 15675?
53
Calculate the remainder when 394905768 is divided by 151.
149
Calculate the r